the remainder when 2/3 - 520/(-30) is divided by g?
8
Let i = -111 + 119. Calculate the remainder when 69 is divided by i.
5
Let l = 112 + -105. What is the remainder when 18 is divided by l?
4
Let x(k) = k**3 - 4*k**2 + 2*k - 4. What is the remainder when 23 is divided by x(4)?
3
Suppose -5*n = a - 13, 5*a + 3*n + 2*n = 45. Calculate the remainder when a is divided by 5.
3
Suppose 0 = d + 2*d - 105. Calculate the remainder when d is divided by 19.
16
Let x(v) = 3*v**3 - 5*v**2 - 2*v - 1. Let j(i) = -5*i**3 + 8*i**2 + 3*i + 2. Let u(l) = -5*j(l) - 8*x(l). What is the remainder when 22 is divided by u(2)?
6
Let l = 23 - -76. What is the remainder when l is divided by 17?
14
Let r(u) = 8*u - 19. What is the remainder when r(11) is divided by 24?
21
Let t(b) = b**3 + 11*b**2 + 6*b - 13. What is the remainder when 107 is divided by t(-10)?
26
Calculate the remainder when 12/(2/(9 - 1)) is divided by 17.
14
What is the remainder when (-26 - -28) + 72 + 0 is divided by 38?
36
Let h(g) = 4 + 4*g - g - 2*g. Let r(p) = p - 11. Let z be r(8). What is the remainder when h(z) is divided by 1?
0
Let q(f) = -f**2 - 15*f + 2. Let j be q(-15). Suppose -4*l + 3 = -w - 0, -l - 8 = -2*w. What is the remainder when (j/4)/(9/342) is divided by w?
4
Suppose 2*m = 5*u - 26 - 20, -7 = -2*u - 3*m. Calculate the remainder when (0 - 2)/((-2)/29) is divided by u.
5
Suppose -5*x + 5 = 5*m - 10*x, 4*m = -2*x + 22. Suppose -16 = -5*h + m, -4*o + 2*h = -48. Let k = 77 - 38. What is the remainder when k is divided by o?
11
Suppose f + 31 = 1. Suppose 2*w + 43 = 13. Let y = w - f. What is the remainder when 43 is divided by y?
13
Suppose 5*i - 2*o = -0*o + 46, 0 = -2*i + 2*o + 16. What is the remainder when 19 is divided by i?
9
What is the remainder when 19 is divided by 2/6 + (-182)/(-39)?
4
Let w = -66 - -80. Calculate the remainder when 26 is divided by w.
12
Suppose 11*p = 8*p + 87. What is the remainder when 84 is divided by p?
26
Suppose -3*c - 141 = -8*c - 2*k, -4*k + 21 = c. Let x = -14 + c. Suppose -3*u - 3*f + x = 0, 9 = 5*u - f - 4. Calculate the remainder when 8 is divided by u.
2
Let t(z) = z**3 - z**2 + z. Let k be t(0). Suppose 7*n - 2*n - 115 = k. What is the remainder when 66 is divided by n?
20
Let h = 47 - 15. Suppose -k = 4*w - 76, 3*k + h = -5*w + 120. Suppose -2*q + 0*q - w = -2*i, 0 = -5*i + 2*q + 47. What is the remainder when 33 is divided by i?
6
Let s = -6 + 9. Let i = s + -2. Calculate the remainder when -2*i - (-1 - 17) is divided by 9.
7
Suppose 0 = -2*q - 4*n + 22, -n - 18 = 2*q - 5*n. Let c(h) = 3*h. What is the remainder when c(q) is divided by 2?
1
Calculate the remainder when 18 is divided by (4/(-8) - 2)*-2.
3
Let p = -1 - -11. Let m(a) = -a**3 + 4*a**2 + 5*a + 4. Let l be m(5). Suppose -4 - 12 = -l*j. Calculate the remainder when p is divided by j.
2
What is the remainder when (-3*8/30)/((-7)/70) is divided by 4?
0
Suppose -5*c + 28 + 17 = 0. Calculate the remainder when 26 is divided by c.
8
Let i(x) = -x**2 + 5*x + 4. Calculate the remainder when 37 is divided by i(3).
7
Suppose 40 = 4*l + 4*g, 3*g = 5*l + 4*g - 58. Suppose 3 + 1 = n, -2*n = -4*t + 20. What is the remainder when l is divided by t?
5
Let x = -119 - -178. Calculate the remainder when x is divided by 10.
9
Let v(a) = -a**2 - 12*a + 22. Calculate the remainder when 30 is divided by v(-13).
3
Let f = 51 - 24. What is the remainder when 78 is divided by f?
24
Suppose -3*n - 12 = -5*n. Suppose -5 = u, -2*u = 5*m + 3 - 18. Suppose 2*s + n*h - h = 33, -2*s - 17 = -m*h. What is the remainder when 10 is divided by s?
2
Suppose -4*p + 104 = -2*f, 6*p - 2*p - 110 = 5*f. What is the remainder when 73 is divided by p?
23
Let t(x) = 5*x**2 + 2. Let z = -6 + 9. Calculate the remainder when t(z) is divided by 16.
15
Let x = -17 + 7. Let y = 117 + -83. Let s = y - x. Calculate the remainder when s is divided by 15.
14
Let w be (74/(-5))/(22/(-55)). Suppose -12 = -0*d - 2*d + x, -4*x = -2*d + 24. Suppose d*b - w = 75. Calculate the remainder when b is divided by 15.
13
Suppose -2*y + 3*j + 66 = 0, 0*y - 2*j + 66 = 2*y. Suppose y + 7 = 2*a. What is the remainder when 78 is divided by a?
18
Let x(w) = w**2 - 12*w + 20. Let j = -10 - -15. Suppose -2*z - q = z - 72, 2*q - 120 = -j*z. What is the remainder when z is divided by x(11)?
6
Let w(c) = 3*c + 2*c + c**2 + 7 + c. Let g be w(-5). Suppose 85 = 5*n - 5*j, 0*j - g*j = -4*n + 72. Calculate the remainder when n is divided by 7.
5
Let p = 107 - -43. What is the remainder when p is divided by 38?
36
Let x = 4 + -1. Suppose -a + 22 + 6 = x*v, -a - 42 = -4*v. Suppose -3 = -4*b + 13. Calculate the remainder when v is divided by b.
2
Let r = -13 + 22. Let d = r + -4. Suppose d*t = -10, -t - 46 = 4*l - 112. What is the remainder when 50 is divided by l?
16
Suppose 0 = 2*b + b - 12. What is the remainder when 25 is divided by -3 + (4 - 0)*b?
12
Suppose 5*k = 15, -k + 4*k = -3*z - 438. Let u = z + 210. What is the remainder when u is divided by 21?
19
Let l be 1566/7 - 2/(-7). Suppose 5*z - 101 = l. What is the remainder when z is divided by 17?
14
Suppose -4 = o - 23. What is the remainder when o is divided by ((-4)/(-6))/(2/15)?
4
Suppose -77*d - 1128 = -81*d. What is the remainder when d is divided by 57?
54
Let r = -2 + 23. Let x = r - -43. What is the remainder when x is divided by 22?
20
Let q = -2 + 2. Let j(i) be the first derivative of i**4/4 - i**3/3 + i**2/2 + 34*i + 3. What is the remainder when j(q) is divided by 18?
16
Let f = 6 + -4. Suppose n - 7 = -5*s, f*n + 4*s - s = 14. Calculate the remainder when n is divided by 2.
1
Suppose h = -3*h + 88. Calculate the remainder when h is divided by 12.
10
Let d = -19 + 80. Calculate the remainder when d is divided by 31.
30
Suppose 12 = x - 3. Calculate the remainder when 43 is divided by x.
13
Suppose 5*x - 5*w + 20 = 0, w + 6 = 4*x + 19. What is the remainder when 58 is divided by (-75)/(-20)*(-12)/x?
13
Suppose -2*h = 2 + 6. What is the remainder when 10 is divided by 6*h*(-1)/6?
2
Let r(l) = l**3 + 3*l**2 - 3*l - 3. What is the remainder when r(-3) is divided by 4?
2
Let d(c) = -2*c**2 - 41*c - 100. Let l(r) = 5*r**2 + 4*r - 1. Calculate the remainder when l(3) is divided by d(-17).
18
Suppose 2*d + 1 - 7 = 0. Suppose 12 = 5*b - d*b. Calculate the remainder when 11 is divided by b.
5
Let x(s) = -s**2 + 6*s + 3. Suppose 2*j - c - 5 = 5, c = 0. Let y(z) = z**3 + 4*z**2 - 2*z - 3. Calculate the remainder when x(j) is divided by y(-4).
3
Let f = -1 + 5. Let n be 4/(-6)*(6 - 12). Suppose -f*m - n = -48. Calculate the remainder when 31 is divided by m.
9
Let z = 27 - 20. What is the remainder when 27 is divided by z?
6
Suppose 3*k = -4*c + 3, 4*k - 7 = 2*k - c. Let g = k - -16. Calculate the remainder when 39 is divided by g.
18
Calculate the remainder when 15 is divided by (-2)/3 + ((-42)/(-9) - 0).
3
Suppose -7*n + 120 = -n. Calculate the remainder when n is divided by 11.
9
Let a(m) = -29*m - 3. Let y be a(3). Let d = -62 - y. Calculate the remainder when d is divided by (0 + 2)/(2/15).
13
Suppose 21 = 3*x - 3*r, 5*x - 6*r + 2*r - 32 = 0. Suppose 6 = a + 2. Calculate the remainder when (-2)/3*(-66)/a is divided by x.
3
Suppose -3*r = -0*r - 114. Let o(u) = u**3 - 6*u**2 - 4*u - 10. Let y be o(7). Let v = 24 - y. What is the remainder when r is divided by v?
12
Let x = -38 - -27. Let y = -5 - x. What is the remainder when 11 is divided by y?
5
Suppose -4*u - u = m - 71, -2*u + 18 = 3*m. Let k = u + -8. Suppose -12 = -n - 0*n. Calculate the remainder when n is divided by k.
5
Let u = -6 + 10. What is the remainder when u is divided by 1?
0
Let n = 1 - -1. Suppose 0 = -0*a + 5*a - 4*k - 19, 4*a - k - 13 = 0. What is the remainder when a is divided by n?
1
Let i(t) = 34*t - 51. Calculate the remainder when i(5) is divided by 12.
11
Suppose -3*u - 11 = r, -2*r - 16 = 3*r + 2*u. Let f be (-1 - 0)*15/(-5). Calculate the remainder when 1*r*(-2 - f) is divided by 4.
2
Suppose 10*w - 460 = 5*w. Calculate the remainder when w is divided by 24.
20
Suppose 2*w + 4*y = -6, -1 = -3*w + y - 17. Let j(x) = -x**2 - 8*x + 4. Calculate the remainder when 35 is divided by j(w).
16
Let m(v) = -v**3 + v**2 - 2*v + 5. What is the remainder when m(0) is divided by 3?
2
Let c be (-26)/((16/20)/2). Let k = -45 - c.